ulate the highest common divisor of k and t.
10
Suppose -39*u + 44*u = 4*i - 52, -4*i - 5*u + 52 = 0. Calculate the greatest common factor of 1 and i.
1
Let d be 2/(-5)*65/(-2). What is the greatest common divisor of 351 and d?
13
Suppose 51*f + 36 = 52*f. Calculate the highest common factor of f and 684.
36
Let f(o) = -o**3 + 5*o**2 + o + 7. Let y be f(7). Let g = 12 - y. Calculate the greatest common factor of 12 and g.
12
Let r = 744 - 69. What is the greatest common divisor of 75 and r?
75
Let q(o) = 6*o - 10. Let t be q(4). What is the greatest common divisor of 112 and t?
14
Let r be 7 - (7 + (-3 - 5)). What is the greatest common divisor of r and 496?
8
Suppose -5*d + 192 = -d. Let k = d + -22. Calculate the highest common factor of 13 and k.
13
Let m = -53 - -146. Let v(n) = -23*n + 238. Let r be v(9). What is the greatest common divisor of m and r?
31
Suppose w - 2 = -2*b, -4*b + 5*b = -4*w - 13. Let v = 1153 + -1074. Let j be 12/(b/(-1)) + v. What is the highest common divisor of j and 15?
15
Let r(a) = 10*a - 45. Let z be r(7). Suppose 540 = -7*g + z*g. What is the greatest common divisor of 60 and g?
30
Let v(g) = -9*g - 9. Let j(y) = y + 1. Let m(h) = -12*j(h) - v(h). Let s be m(-9). Calculate the highest common divisor of s and 84.
12
Let d(b) = -34*b + 2. Let y be d(-2). Calculate the greatest common divisor of 1120 and y.
70
Let a(z) = -z + 3. Let v be a(0). Let i = 45 + -82. Let p = -31 - i. What is the greatest common factor of p and v?
3
Let i(y) = y**3 + 5*y**2 - 9*y - 8. Let j be i(-6). Let p = j + -1. What is the highest common divisor of 9 and p?
9
Suppose 5*o = 144 + 376. Suppose 1940 - 114 = 11*y. Let r = y - o. Calculate the greatest common factor of r and 93.
31
Let r be (-2)/1*-67 + -4. Let l be r/8 - (-6)/8. Let g = l - 0. Calculate the greatest common factor of 51 and g.
17
Let c be (-3768)/8478 - ((-2006)/18 + 1). Calculate the greatest common divisor of c and 242.
22
Suppose -5 = -3*t + 40. Suppose 881 = 30*n - 19. Calculate the highest common factor of t and n.
15
Let u be (-1)/1 + (210 - -5). Suppose 126 = 4*w - u. Suppose 2*n - 60 = -5*t + t, 4*n = -t + w. Calculate the highest common factor of n and 30.
10
Let r(d) = d**3 + 24*d**2 + 22*d - 57. Let p be r(-23). Let l = -8 - p. What is the greatest common factor of 208 and l?
26
Let v(i) = i**2 - 5*i + 24. Let f be v(6). What is the greatest common divisor of 12 and f?
6
Suppose 11*c - 1008 = -909. Calculate the highest common factor of c and 144.
9
Let k(m) = m**2 - 9*m - 46. Let w be k(-4). Calculate the greatest common divisor of w and 10.
2
Let f = -13 - -39. Suppose 2*w = -2*d + 20, -f = -3*d + 2*d + 3*w. Calculate the greatest common factor of 56 and d.
14
Let y(c) = -3*c - 2. Suppose q - 11 = 2*a, 6*a - q = a - 23. Let o be y(a). Let b be ((-20)/16)/(7/(-168)). What is the highest common factor of o and b?
10
Suppose 186*b - 22140 = 51*b. What is the greatest common divisor of b and 8?
4
Suppose 3*r = 5*k + 3, 0 = k - r - 0 + 1. Suppose -2*u + 9 + 29 = k. What is the highest common divisor of 171 and u?
19
Let w(y) = 2*y**2 + 0*y**2 - 3*y + 11*y**2. Let r be w(-3). Calculate the highest common factor of r and 18.
18
Suppose 0*u + 4*u = -4*i + 4, 2*i = -3*u. Suppose 2*j - 4*f - 34 = 0, i*j - 5*f - 57 = -2*f. Calculate the highest common divisor of 14 and j.
7
Let v(y) = -4*y**3 - 5*y**2 + 5*y. Let c be v(2). Let d = 44 + c. What is the greatest common divisor of d and 22?
2
Let z = 350 - 40. Suppose 50 + 33 = y + 4*j, 5*y - z = j. Calculate the greatest common factor of 7 and y.
7
Let j be (4 - (-32)/(-3))*-3. Let q = j - -6. Calculate the highest common divisor of q and 26.
26
Let q be (-4 - 408/(-16)) + 2/(-4). Calculate the highest common divisor of 147 and q.
21
Let s be -1 - (-6)/(6/(-3)). Let r be s/(-14) - (-52)/14. Suppose 2*l = 3*z - r, z + l + 0 = 8. Calculate the greatest common factor of 36 and z.
4
Let x be (1 - (2 - 1))/2. Suppose v + y - 3 = 0, -2*v + y = 3*v - 27. Suppose -5*r + v = -u - 4, x = u + 4. Calculate the highest common divisor of 3 and r.
1
Suppose 4*x + p = 37, 5*x - p = 43 + 10. What is the highest common factor of 18 and x?
2
Let g(t) = 9*t**2 - 7*t - 4. Let f be g(3). What is the highest common divisor of f and 40?
8
Let s be (0/(-8))/(0 + -1). Suppose s = -r - r + 78. Let t = -13 + r. What is the greatest common divisor of t and 39?
13
Let i = -94 - -215. Suppose 0 = w + 1 - 12. Calculate the highest common divisor of w and i.
11
Let l be 0/(1 - (-1 - -3)). Suppose 4*k - t - 5 = 0, -2*k - 4*t - 3 + 1 = 0. Let d be l*(k - 0) - -30. Calculate the highest common factor of d and 20.
10
Let b(d) = -d - 3. Let o(u) = u**3 - 7*u**2 + 5*u - 4. Let h be o(6). Let n be b(h). Let r = n + 3. Calculate the highest common factor of 40 and r.
10
Suppose 2*s = 4*s - 24. Let t(l) be the first derivative of l**3/3 + l**2 - 39*l + 45. Let i be t(-9). What is the greatest common factor of s and i?
12
Let s(a) = -a + 14. Let d be s(0). Let w(b) = -34*b + 164. Let j be w(4). Calculate the greatest common factor of j and d.
14
Let q be 2 + 1 + 2*2. Suppose -4*z - 6 = 4*x - 2, 3*z = -x + q. Let h be ((-5)/(x/(-32)))/(-2). Calculate the highest common factor of h and 128.
16
Let c(i) = 12*i + 0*i - 20*i - 90. Let t be c(-18). Let h(l) = 6*l**2 + 2*l - 1. Let g be h(2). What is the greatest common divisor of g and t?
27
Let l be ((-15)/2)/(5/40). Let u = 88 + l. Let q = -18 - -32. What is the highest common divisor of u and q?
14
Let g = 10 - -30. Let c(j) = -j**2 + 8*j + 5. Let i be c(8). Suppose 2*a - 16 = -3*v, a - 2*v + g = i*a. Calculate the highest common factor of a and 1.
1
Let r be (0 - -673)/(19/19). Let s = r - 321. What is the greatest common factor of s and 44?
44
Suppose 5*r = -2*t - 0*t + 20, -t = 5*r - 10. What is the highest common factor of 4 and t?
2
Let f be (-30)/2*2/(-6). Suppose f*i + 86 = -3*u - 0*i, 3*u + 2*i + 101 = 0. Let a = -26 - u. Calculate the highest common factor of a and 33.
11
Suppose 45 = 5*n - 115. Let h = -26 + n. Suppose h*j - 10 = 5*j. Calculate the highest common divisor of j and 40.
10
Suppose -1534 = -102*d + 100*d. What is the highest common divisor of d and 13?
13
Let b(y) = -2*y - 3. Let u be b(-7). Suppose -12*d + 32 = -u*d. Calculate the greatest common factor of d and 288.
32
Let b = 157 - 151. Calculate the greatest common divisor of 138 and b.
6
Let v be (((-112)/12)/4)/(4/(-216)). Calculate the greatest common factor of v and 1071.
63
Suppose -5*j + 4*u + 258 = 0, 3*u - 129 = -2*j - 12. Let q = j - 42. Calculate the highest common divisor of 12 and q.
12
Let p(f) = f**3 + 5*f**2 - 2. Let h be p(-4). Let y be 98 - -2 - (-6 + -7 - -15). Calculate the greatest common factor of h and y.
14
Let m be -21 + 0/(0 + -3 + 1). Let w be ((-18)/21)/(6/m). What is the highest common factor of 4 and w?
1
Let o = 39 - 39. Let h be 8 + (-4 - o) - -220. What is the highest common divisor of h and 28?
28
Suppose 3*z = 13*z - 1540. What is the greatest common divisor of z and 14?
14
Let h be (348/(-36))/(3 - 235/78). What is the greatest common divisor of 26 and h?
26
Suppose 5*x = -h - 0 + 102, -30 = -2*x - 4*h. Suppose 21 + 35 = 4*b + 5*l, -2*b + 28 = -3*l. Calculate the greatest common factor of b and x.
7
Let t(u) = 32*u**2 + 20*u. Let g be t(-3). Calculate the greatest common factor of 798 and g.
114
Let i = 314 + -212. Let n = -52 + i. Calculate the highest common factor of n and 20.
10
Suppose -4*c = -44 + 16. Suppose s - c = 2*q, 5*q - 41 = -s - 13. Calculate the highest common divisor of 65 and s.
13
Let c = -44 + 94. Let h = -37 + c. What is the highest common divisor of 52 and h?
13
Let v be 0/(3/1) - -2. Suppose v*h = l - 14, 2*l + h = 3*l - 9. Suppose 0 = -p + 3*n - 8, -l*p - 1 = -3*n - 5. Calculate the highest common divisor of 44 and p.
4
Let h be (-96)/(-20) + -5 - 10241/(-55). Calculate the highest common factor of 62 and h.
62
Suppose 108 = 268*w - 262*w. What is the greatest common factor of 90 and w?
18
Suppose 0 = -0*t - 5*t. Let k(v) = -v**3 - 2*v**2 - v + 9. Let z be k(t). Calculate the greatest common factor of z and 45.
9
Suppose f - 5*a - 5 = 6*f, -4*a - 4 = 3*f. Suppose f = -2*y + 4*v + 60, -y + 3*v + 50 = 20. Calculate the highest common factor of 20 and y.
10
Let k be 4/(-14) - (0 